 + 4*i + 2. Calculate the remainder when y(5) is divided by u.
17
Let h = 187 - -18. What is the remainder when h is divided by 12/((27/(-4))/(-9))?
13
Let g = -1 - -17. Suppose -g = -f - f. Suppose 29*a - 51 = 28*a - 5*d, -5*a + 110 = -4*d. Calculate the remainder when a is divided by f.
2
Suppose 4*h - 114 - 54 = 0. Let r(z) = 2*z**2 + 126*z + 527. Calculate the remainder when r(-4) is divided by h/3*(-2)/(-2).
13
Let k(y) = -5*y**3 + 5*y**3 - 4 - 6*y**2 - y**3 - 5*y. Suppose 0 = -q + 2*q + z - 26, 2*q - 2*z - 60 = 0. What is the remainder when k(-8) is divided by q?
24
Let y(v) = -3*v**3 - 33*v**2 - 104*v - 48. What is the remainder when y(-10) is divided by 9?
8
Let x be ((-707)/(-7) - 2) + 6. Suppose 8*d - 217 = -x. What is the remainder when 217 is divided by d?
7
Let k = 4977 + -2098. What is the remainder when k is divided by 288?
287
Suppose -25*h + 98 = -11*h. Suppose 0 = q + i - 79, 14*q + 340 = 18*q - 4*i. Calculate the remainder when q is divided by h.
5
Suppose -32 = -5*l + 3*f - 3, -3*f + 34 = 4*l. Suppose 82*p = l*p + 2250. What is the remainder when p is divided by 28?
2
What is the remainder when 63/42*(-8596)/(-7) is divided by 12?
6
Let t = 4 + -24. Let y = t - -20. What is the remainder when 43 is divided by (y - (0 - 6))*2?
7
Let p(n) = n**3 - 31*n**2 + 29*n + 38. What is the remainder when 4094 is divided by p(30)?
6
Let t be (-615)/10*(0 + 2). Let o be 1*(-5)/15*t. Let m = o - 36. Calculate the remainder when 5 is divided by m.
0
Suppose 25*a + 2605 = 21680. Calculate the remainder when a is divided by 152.
3
What is the remainder when 140 is divided by ((-24)/14)/(84/(-1617))?
8
Suppose 20*g - 1051 - 2823 = -129*g. Suppose 56 = i + 3*h - 62, 392 = 4*i - 4*h. Calculate the remainder when i is divided by g.
25
Let c(l) = -3*l**3 + 1. Suppose 0 = -122*x - 149*x + 18699. What is the remainder when x is divided by c(-2)?
19
What is the remainder when (-13 + 68)/(-10*3/(-792)) is divided by 284?
32
Let u(t) = 2*t + 19. Let c(i) = i**3 - 41*i**2 + 6*i - 192. What is the remainder when c(41) is divided by u(-3)?
2
Suppose -3*j + 4*h = -2*j, 4*j + 4*h - 40 = 0. Suppose j*b - 3*b = 275. Calculate the remainder when b is divided by 12.
7
Suppose -17850 = -2391517*q + 2391466*q. Suppose 66 = 2*l - 52. What is the remainder when q is divided by l?
55
Suppose 0 = -5*v + 12*p - 10*p + 3154, -4*v + 2530 = -5*p. Calculate the remainder when v is divided by 108.
90
Let t = -6138 + 6467. Let z = 21 + 1. Calculate the remainder when t is divided by z.
21
Suppose -5*s - 4*k + 444 = 0, 3*s + 2*k - 174 = 92. Suppose -72 = -97*r + s*r. Calculate the remainder when r is divided by (4 + -2)*6/4.
2
Let v be ((-12)/(-9))/(5*10/(-5025)). Let u = 199 + v. Calculate the remainder when u is divided by 12.
5
Suppose 20700 = 236*h - 167*h. What is the remainder when 913 is divided by h?
13
Suppose -5*s - 1545 = -4*j, -5*s + 1965 = 2*j + 3*j. Let b = 20 - -8. What is the remainder when j is divided by b?
26
Let z(a) = a**2 + 73*a + 1564. What is the remainder when z(-60) is divided by 9?
1
Let f be (-7 + 1)/(2/62). Let t = f - -200. What is the remainder when 20 is divided by t?
6
Let z(a) = -2*a**2 - 4*a + 12. Let s be z(6). What is the remainder when (-4152)/s - 4/(-7) is divided by -7 + 6/14 + (-7097)/(-329)?
5
Suppose -2*v + 105 - 3 = 0. Suppose -11 = b - 15. Suppose -5*l + 14 = -5*g - 756, -2*l - b*g = -284. Calculate the remainder when l is divided by v.
48
Let u = 436 + -403. Suppose 54*a - 51*a = u. Suppose 2*y + 2*c + c = -1, -4*y = -3*c - 43. Calculate the remainder when a is divided by y.
4
Let z(v) = v**3 - 11*v**2 + 20*v + 2. Let j = -1327 - -1363. What is the remainder when j is divided by z(9)?
16
Let n(o) = -3*o - 6. Let j be n(-6). Suppose -j*k + 348 = -8*k. Suppose 4*z + 120 = 4*m + 7*z, -4*z = 4*m - 120. Calculate the remainder when k is divided by m.
27
Let l(w) = -40*w**3 - w + 1. Let f be l(1). Let s = f + 97. Let d = 108 - 79. What is the remainder when s is divided by d?
28
Let j(r) = r**3 + 8*r**2 + 10*r + 9. Let l(i) = 186*i - 77*i - 14 - 79*i + 5. Calculate the remainder when l(2) is divided by j(-6).
9
Suppose 2*r + 2*r - 108 = d, 3*r - 4*d - 68 = 0. Calculate the remainder when r is divided by 14.
0
Let l = -30 - -69. Suppose 4*y + l = 171. Let z = 62 + -45. Calculate the remainder when y is divided by z.
16
Let y = -18 + 81. Let p = y + -59. Suppose -2*i - 3*l = -14, 0*i - 68 = -p*i + 4*l. What is the remainder when i is divided by 7?
6
Suppose -6*w = -3*w - 21. Suppose 7*x = -w*x + 1610. What is the remainder when x is divided by 32?
19
What is the remainder when (-231)/308 + 159548/16 is divided by 36?
35
What is the remainder when (210/2)/15 - -2310 is divided by 38?
37
Let m be ((-3 - 0)*5)/(39/(-208)). Let b = m + 36. What is the remainder when b is divided by 28?
4
Suppose 2*g = -2*g + 4*l + 29724, 2*l - 22258 = -3*g. What is the remainder when g is divided by 75?
74
Suppose 3*a - 42 = -4*r, -3*r + 4*a + 37 = 2*r. Suppose 0 = 2*m - 15 - r. What is the remainder when 14/(-10)*-5 + (0 - -35) is divided by m?
6
Suppose -32*h = -127*h + 16625. Calculate the remainder when h is divided by 75.
25
Let a be (2/3)/((-2)/39). Let z = -42 + a. Let l = z + 162. What is the remainder when l is divided by 27?
26
Let f = -2527 + 2580. Let v = -104 + 118. Calculate the remainder when f is divided by v.
11
Let n = 2457 - 2216. Calculate the remainder when n is divided by 89.
63
Let h(k) = -k**3 - 2*k**2 + 4*k + 6. Let j = 1011 - 479. Let f = -403 + j. What is the remainder when f is divided by h(-4)?
19
Let i(j) = 27*j**2 - 11 - 10*j**3 - 3*j**3 - 5*j**3 - 30*j - 2*j**3 + 21*j**3. Calculate the remainder when 132 is divided by i(-28).
42
Let v(f) = f**2 - 1. Let q(k) = 3*k**2 - 9*k + 1. Let m(t) = -q(t) - 2*v(t). Let y be m(3). Calculate the remainder when (6/(-6) + y)*(-14)/3 is divided by 17.
16
Let x = 59 + 21. Let k = x + -76. Suppose 2*u - 4*m + m - 49 = 0, -u + 2*m + 27 = 0. Calculate the remainder when u is divided by k.
1
Let u(b) = -b**2 - 34*b + 47. Let x be u(-35). What is the remainder when (-20)/(-35)*7266/x is divided by 87?
85
Suppose -204*y + 1400 + 31240 = 0. What is the remainder when 222 is divided by y?
62
Let s = 0 + 3. Suppose -s*t - 4*n + 44 = 0, -34 + 6 = -t + 2*n. What is the remainder when (28/8)/(-4 + (-65)/(-16)) is divided by t?
16
Suppose 0 = -3*n - 5*r - 6, n + 3*n + 2*r - 6 = 0. Let g be 3 + 0 + 0 + 126/n. Let t = -33 + g. Calculate the remainder when 45 is divided by t.
9
Let x = -644 - -653. Suppose -x - 3 = -g. Let c(z) = 4*z**3 - z**2 - 2*z - 1. What is the remainder when c(2) is divided by g?
11
Let c = -755 - -757. Suppose 0 = -h - c*n + 56, 2*n - 180 = -0*h - 3*h. Calculate the remainder when h is divided by 39.
23
Calculate the remainder when (-417)/(-9) - ((-77)/21 + 3) - 0 is divided by 31.
16
What is the remainder when 2771 is divided by ((432/20)/(-6))/(2/(-75)) - 3?
131
Let a(s) be the first derivative of 11*s**2/2 + 64*s - 25. Suppose 3*u - 74 = -5*t, 0*t - 2*u = 2*t - 32. Calculate the remainder when a(0) is divided by t.
12
Let a = -3554 - -3764. What is the remainder when a is divided by (-3 + 56)/(3 - 2)?
51
Suppose 2*l + 84 = 6*l + 20*m, -5*l - 2*m = -174. What is the remainder when 4961 is divided by l?
29
What is the remainder when 1104 is divided by 19 + -13 - ((-25)/(-5) + -365)?
6
Suppose -3*r + 1644 = 3*r. Suppose -k + 1342 = 4*k - 3*c, k - 2*c = r. Suppose 3*i = -32 + k. Calculate the remainder when i is divided by 27.
24
What is the remainder when 752 is divided by 126492/4191 + 48/(-22)?
24
Suppose 81*b + 22879 = 82*b - 2*n, 0 = b - 3*n - 22882. Calculate the remainder when b is divided by 266.
263
Let b(q) = 48*q - 568. Suppose -5*p + 62 = 2*r, r + 0*p = -4*p + 37. What is the remainder when b(13) is divided by r?
14
Suppose 2*i - 36 + 6 = 0. Suppose o + 11 = 2*c + 286, i = -5*o. Let q = -123 - c. What is the remainder when 29 is divided by q?
13
Suppose -2*m + 51 = -183. Let d = 156 - m. Calculate the remainder when d is divided by 20.
19
Suppose -26*u - 1162 = -40*u. Let t = u + 143. What is the remainder when t is divided by 10?
6
Let k = -6499 - -6538. Suppose -2*r - 5 + 53 = 2*w, 2*r = -5*w + 39. What is the remainder when k is divided by r?
12
Let o = 2 - -10. Let